me factors of 196410?
2, 3, 5, 6547
What are the prime factors of 873034?
2, 23, 18979
List the prime factors of 1919638.
2, 7, 137117
What are the prime factors of 5542547?
19, 487, 599
What are the prime factors of 313525?
5, 12541
List the prime factors of 12081.
3, 4027
What are the prime factors of 53583?
3, 53, 337
What are the prime factors of 119858?
2, 59929
What are the prime factors of 116792?
2, 13, 1123
List the prime factors of 50163.
3, 23, 727
List the prime factors of 4224069.
3, 17383
List the prime factors of 23117756.
2, 17, 19, 29, 617
List the prime factors of 1633.
23, 71
List the prime factors of 3312288.
2, 3, 7, 31, 53
What are the prime factors of 10934968?
2, 11, 313, 397
List the prime factors of 5463012.
2, 3, 137, 3323
List the prime factors of 2430524.
2, 17, 31, 1153
What are the prime factors of 99144?
2, 3, 17
List the prime factors of 2834459.
37, 76607
List the prime factors of 179888.
2, 11243
List the prime factors of 224282.
2, 127, 883
List the prime factors of 405826.
2, 29, 6997
List the prime factors of 4750433.
719, 6607
List the prime factors of 35240.
2, 5, 881
What are the prime factors of 170232?
2, 3, 41, 173
What are the prime factors of 5519539?
47, 117437
List the prime factors of 1052617.
823, 1279
What are the prime factors of 5562631?
907, 6133
List the prime factors of 1492656.
2, 3, 11, 257
What are the prime factors of 7139477?
197, 36241
What are the prime factors of 2471661?
3, 31, 2953
What are the prime factors of 26756849?
7, 3822407
What are the prime factors of 11444?
2, 2861
List the prime factors of 360904.
2, 197, 229
What are the prime factors of 2745557?
19, 83, 1741
What are the prime factors of 15366456?
2, 3, 7, 10163
What are the prime factors of 5766235?
5, 1153247
List the prime factors of 327218.
2, 19, 79, 109
List the prime factors of 577439.
17, 33967
What are the prime factors of 21077?
7, 3011
What are the prime factors of 715853?
17, 2477
List the prime factors of 1961205.
3, 5, 17, 7691
What are the prime factors of 4795421?
31, 154691
List the prime factors of 3176228.
2, 11, 37, 1951
List the prime factors of 467780.
2, 5, 19, 1231
List the prime factors of 297188.
2, 74297
What are the prime factors of 4698855?
3, 5, 7, 2131
What are the prime factors of 382734?
2, 3, 11, 1933
List the prime factors of 515177.
13, 23, 1723
List the prime factors of 240892.
2, 60223
What are the prime factors of 11317297?
11317297
What are the prime factors of 215873?
7, 30839
What are the prime factors of 2213636?
2, 37, 14957
What are the prime factors of 2342978?
2, 11, 281, 379
What are the prime factors of 24518?
2, 13, 23, 41
List the prime factors of 633904.
2, 39619
What are the prime factors of 3144274?
2, 7, 224591
List the prime factors of 10856446.
2, 283, 19181
What are the prime factors of 26244?
2, 3
List the prime factors of 162164.
2, 71, 571
List the prime factors of 1683548.
2, 31, 13577
List the prime factors of 11730984.
2, 3, 488791
What are the prime factors of 1245689?
1245689
What are the prime factors of 324885?
3, 5, 11, 179
What are the prime factors of 3200510?
2, 5, 271, 1181
List the prime factors of 203382.
2, 3, 11299
List the prime factors of 131374.
2, 65687
List the prime factors of 5618765.
5, 199, 5647
What are the prime factors of 2368210?
2, 5, 13, 18217
List the prime factors of 1746601.
1746601
What are the prime factors of 1614415?
5, 11, 149, 197
What are the prime factors of 7192770?
2, 3, 5, 13, 18443
List the prime factors of 295895.
5, 23, 31, 83
List the prime factors of 277670.
2, 5, 27767
List the prime factors of 389908.
2, 107, 911
What are the prime factors of 617454?
2, 3, 34303
What are the prime factors of 515268?
2, 3, 13, 367
List the prime factors of 13880738.
2, 17, 631, 647
List the prime factors of 107026.
2, 59, 907
What are the prime factors of 712210?
2, 5, 67, 1063
List the prime factors of 24321308.
2, 11, 552757
List the prime factors of 1893240.
2, 3, 5, 1753
List the prime factors of 1195976.
2, 149497
What are the prime factors of 15418218?
2, 3, 17, 71, 2129
List the prime factors of 575371.
575371
What are the prime factors of 21136777?
21136777
What are the prime factors of 518115?
3, 5, 13, 2657
List the prime factors of 870704.
2, 54419
What are the prime factors of 1603491?
3, 17, 23, 1367
List the prime factors of 1158707.
11, 105337
List the prime factors of 380257.
73, 5209
List the prime factors of 1865511.
3, 853
What are the prime factors of 3044847?
3, 13, 101, 773
List the prime factors of 2570963.
23, 111781
List the prime factors of 14654846.
2, 181, 40483
List the prime factors of 793739.
793739
What are the prime factors of 767716?
2, 191929
List the prime factors of 805884.
2, 3, 67157
What are the prime factors of 910281?
3, 29, 10463
List the prime factors of 12277739.
1109, 11071
List the prime factors of 1008221.
43, 23447
What are the prime factors of 2620067?
97, 27011
What are the prime factors of 112199?
112199
What are the prime factors of 73987?
241, 307
What are the prime factors of 1306322?
2, 37, 127, 139
What are the prime factors of 334930?
2, 5, 33493
What are the prime factors of 5987348?
2, 1496837
List the prime factors of 1287392.
2, 40231
List the prime factors of 320661.
3, 11, 41, 79
List the prime factors of 15715266.
2, 3, 7, 374173
List the prime factors of 211676.
2, 52919
What are the prime factors of 5136337?
23, 223319
What are the prime factors of 243528?
2, 3, 73, 139
List the prime factors of 699849.
3, 77761
List the prime factors of 21418190.
2, 5, 37, 107, 541
What are the prime factors of 1968579?
3, 53, 4127
What are the prime factors of 406350?
2, 3, 5, 7, 43
List the prime factors of 330781.
11, 30071
List the prime factors of 1072510.
2, 5, 107251
List the prime factors of 143161.
239, 599
List the prime factors of 1754092.
2, 438523
What are the prime factors of 4261878?
2, 3, 236771
What are the prime factors of 129563?
7, 83, 223
What are the prime factors of 2326306?
2, 151, 7703
What are the prime factors of 57966?
2, 3, 9661
List the prime factors of 3163485.
3, 5, 13, 16223
What are the prime factors of 212910?
2, 3, 5, 47, 151
What are the prime factors of 1222370?
2, 5, 251, 487
What are the prime factors of 172430?
2, 5, 43, 401
What are the prime factors of 75773?
75773
List the prime factors of 2877100.
2, 5, 28771
What are the prime factors of 3804462?
2, 3, 47, 1499
What are the prime factors of 10265182?
2, 5132591
List the prime factors of 106855.
5, 7, 43, 71
List the prime factors of 6178691.
6178691
List the prime factors of 15128.
2, 31, 61
List the prime factors of 402032.
2, 25127
List the prime factors of 18779414.
2, 29, 47, 83
List the prime factors of 691980.
2, 3, 5, 19, 607
What are the prime factors of 535707?
3, 19841
List the prime factors of 3262408.
2, 407801
What are the prime factors of 714072?
2, 3, 29753
List the prime factors of 66986.
2, 33493
What are the prime factors of 397171?
17, 61, 383
List the prime factors of 281825.
5, 11273
List the prime factors of 83939.
83939
List the prime factors of 481723.
11, 43793
What are the prime factors of 4333351?
11, 17, 23173
List the prime factors of 301124.
2, 83, 907
What are the prime factors of 3802658?
2, 1901329
List the prime factors of 833894.
2, 416947
List the prime factors of 234568.
2, 109, 269
List the prime factors of 496567.
29, 17123
List the prime factors of 199897.
29, 61, 113
List the prime factors of 5276102.
2, 13, 307, 661
What are the prime factors of 4205383?
7, 13, 37, 1249
List the prime factors of 2110507.
7, 301501
What are the prime factors of 223382?
2, 61, 1831
List the prime factors of 126382.
2, 29, 2179
List the prime factors of 37124.
2, 9281
What are the prime factors of 541?
541
List the prime factors of 12360286.
2, 6180143
List the prime factors of 2707500.
2, 3, 5, 19
What are the prime factors of 121847?
11, 19, 53
What are the prime factors of 57206?
2, 28603
List the prime factors of 33145844.
2, 8286461
What are the prime factors of 900952?
2, 13, 8663
List the prime factors of 2707824.
2, 3, 7, 8059
List the prime factors of 115503.
3, 38501
List the prime factors of 24281450.
2, 5, 59, 8231
List the prime factors 